{"id":147,"date":"2023-10-16T00:58:26","date_gmt":"2023-10-16T00:58:26","guid":{"rendered":"https:\/\/www.glenpricegroup.com\/upkmdqa\/?page_id=147"},"modified":"2023-10-16T01:01:33","modified_gmt":"2023-10-16T01:01:33","slug":"october-2023-spanish","status":"publish","type":"page","link":"https:\/\/www.glenpricegroup.com\/upkmdqa\/october-2023-spanish\/","title":{"rendered":"October 2023 Workgroup Meeting Information \u2013 Spanish"},"content":{"rendered":"\n<h1 class=\"wp-block-heading\"><strong>Plataformas de Grupos de Trabajo de Entrega Mixta UPK<\/strong><\/h1>\n\n\n\n<h2 class=\"wp-block-heading\"><strong>Participaci\u00f3n P\u00fablica &#8211; Comentario P\u00fablico<\/strong><\/h2>\n\n\n\n<p>Para acceder al formulario de comentarios p\u00fablicos, por favor visita el siguiente enlace: <a href=\"https:\/\/forms.gle\/TzFeQRUB6AY9EAou8\">https:\/\/forms.gle\/TzFeQRUB6AY9EAou8<\/a>. Para leer los comentarios p\u00fablicos, consulte este enlace: <a href=\"https:\/\/docs.google.com\/spreadsheets\/d\/1Eyx-TT9hrubaVavAkaRQ6X0LIqXOx3Tim-GQSdexQYs\/edit?resourcekey#gid=1112402303\">https:\/\/docs.google.com\/spreadsheets\/d\/1Eyx-TT9hrubaVavAkaRQ6X0LIqXOx3Tim-GQSdexQYs\/edit?resourcekey#gid=1112402303<\/a>.&nbsp;<\/p>\n\n\n\n<h2 class=\"wp-block-heading\"><strong>Participaci\u00f3n en Grupo de Trabajo &#8211; Plataforma de Discurso<\/strong><\/h2>\n\n\n\n<p>Para acceder a Discourse, la plataforma que permite a los miembros del grupo de trabajo compartir sus pensamientos e ideas con sus colegas, por favor visite este enlace que le dar\u00e1 la capacidad de seguir las discusiones: <a href=\"https:\/\/upkmdqawg.discourse.group\/t\/october-upk-mixed-delivery-quality-and-access-workgroup-meeting\/122\">https:\/\/upkmdqawg.discourse.group\/t\/october-upk-mixed-delivery-quality-and-access-workgroup-meeting\/122<\/a>&nbsp;<\/p>\n\n\n\n<h2 class=\"wp-block-heading\"><strong>Encuesta de recomendaciones<\/strong><\/h2>\n\n\n\n<p>Esta encuesta se abrir\u00e1 despu\u00e9s de que concluya la reuni\u00f3n del grupo de trabajo del 16 de octubre.<\/p>\n\n\n\n<p>Para acceder a la Encuesta de Recomendaciones, visite: <a href=\"https:\/\/www.surveymonkey.com\/r\/XVSBVNV\">https:\/\/www.surveymonkey.com\/r\/XVSBVNV<\/a>&nbsp;<\/p>\n\n\n\n<h2 class=\"wp-block-heading\"><strong>Todos los materiales &#8211; Educadores de California Juntos<\/strong><\/h2>\n\n\n\n<p>Por favor, visite el siguiente enlace para obtener informaci\u00f3n sobre el Grupo de Trabajo de Entrega Mixta UPK, incluyendo, pero no limitado a: documentos de proceso fundamentales, agendas, materiales de presentaci\u00f3n y grabaciones de reuniones. <a href=\"https:\/\/www.caeducatorstogether.org\/groups\/bzsgmy7y\/upk-mixed-delivery-quality-and-access-workgroup\">caeducatorstogether.org\/groups\/bzsgmy7y\/upk-mixed-delivery-quality-and-access-workgroup<\/a>&nbsp;<\/p>\n\n\n\n<p><span id=\"docs-internal-guid-a6c16536-7fff-592f-ea46-6eb788a6497c\"><\/span><\/p>\n","protected":false},"excerpt":{"rendered":"<p>Plataformas de Grupos de Trabajo de Entrega Mixta UPK Participaci\u00f3n P\u00fablica &#8211; Comentario P\u00fablico Para acceder al formulario de comentarios p\u00fablicos, por favor visita el siguiente enlace: https:\/\/forms.gle\/TzFeQRUB6AY9EAou8. Para leer los comentarios p\u00fablicos, consulte este enlace: https:\/\/docs.google.com\/spreadsheets\/d\/1Eyx-TT9hrubaVavAkaRQ6X0LIqXOx3Tim-GQSdexQYs\/edit?resourcekey#gid=1112402303.&nbsp; Participaci\u00f3n en Grupo de Trabajo &#8211; Plataforma de Discurso Para acceder a Discourse, la plataforma que permite a &hellip;<\/p>\n<p class=\"read-more\"> <a class=\"\" href=\"https:\/\/www.glenpricegroup.com\/upkmdqa\/october-2023-spanish\/\"> <span class=\"screen-reader-text\">October 2023 Workgroup Meeting Information \u2013 Spanish<\/span> Read More &raquo;<\/a><\/p>\n","protected":false},"author":1,"featured_media":0,"parent":0,"menu_order":0,"comment_status":"closed","ping_status":"closed","template":"","meta":{"site-sidebar-layout":"default","site-content-layout":"default","ast-global-header-display":"","ast-main-header-display":"","ast-hfb-above-header-display":"","ast-hfb-below-header-display":"","ast-hfb-mobile-header-display":"","site-post-title":"","ast-breadcrumbs-content":"","ast-featured-img":"","footer-sml-layout":"","theme-transparent-header-meta":"","adv-header-id-meta":"","stick-header-meta":"","header-above-stick-meta":"","header-main-stick-meta":"","header-below-stick-meta":"","footnotes":""},"class_list":["post-147","page","type-page","status-publish","hentry"],"_links":{"self":[{"href":"https:\/\/www.glenpricegroup.com\/upkmdqa\/wp-json\/wp\/v2\/pages\/147","targetHints":{"allow":["GET"]}}],"collection":[{"href":"https:\/\/www.glenpricegroup.com\/upkmdqa\/wp-json\/wp\/v2\/pages"}],"about":[{"href":"https:\/\/www.glenpricegroup.com\/upkmdqa\/wp-json\/wp\/v2\/types\/page"}],"author":[{"embeddable":true,"href":"https:\/\/www.glenpricegroup.com\/upkmdqa\/wp-json\/wp\/v2\/users\/1"}],"replies":[{"embeddable":true,"href":"https:\/\/www.glenpricegroup.com\/upkmdqa\/wp-json\/wp\/v2\/comments?post=147"}],"version-history":[{"count":2,"href":"https:\/\/www.glenpricegroup.com\/upkmdqa\/wp-json\/wp\/v2\/pages\/147\/revisions"}],"predecessor-version":[{"id":156,"href":"https:\/\/www.glenpricegroup.com\/upkmdqa\/wp-json\/wp\/v2\/pages\/147\/revisions\/156"}],"wp:attachment":[{"href":"https:\/\/www.glenpricegroup.com\/upkmdqa\/wp-json\/wp\/v2\/media?parent=147"}],"curies":[{"name":"wp","href":"https:\/\/api.w.org\/{rel}","templated":true}]}}